(t) = -3*c(t) - 2*i(t). Determine l(b).
-1
Let s(w) = w**2 + w. Let q(c) = -6*c**2 - 13*c + 3. Let o(a) = q(a) + 5*s(a). Calculate o(-7).
10
Let h(o) = -6*o + 5*o**2 - 68*o**3 - 67*o**3 + 136*o**3. Determine h(-6).
0
Let p(q) be the first derivative of q**2 - 4*q - 5. Determine p(4).
4
Let j be 99/(-11) - (2 + -3 - 1). Let z(g) = g**2 + 6*g - 2. What is z(j)?
5
Let z(h) = h**3 - 12*h**2 - 9*h + 7. Let s(a) = -a**3 + 13*a**2 + 9*a - 7. Let r(m) = 5*s(m) + 6*z(m). Give r(8).
-1
Let p be 2 + (7 - -3) - 2. Let s(h) = h**3 - 11*h**2 + 9*h + 10. Calculate s(p).
0
Suppose -3*k + 5 = -2*k. Let i(c) = c**3 - 6*c**2 + 5*c + 2. Calculate i(k).
2
Let k(b) be the second derivative of b**5/4 + b**4/6 - b**2/2 - 2*b. Suppose -2*c - 3*c = 2*s - 3, 4*s = 5*c + 21. Let m = 2 + c. What is k(m)?
6
Suppose -2*m - m + 6 = 0. Let a(b) = -2*b**2 - 2*b. Calculate a(m).
-12
Let m(i) = i**3 + i**2 - 3*i + 1. Let y(l) = -2*l - 4. Let x be y(-3). Suppose -5 = x*u - 4*n + n, -4*u + 23 = 5*n. Give m(u).
7
Suppose -4*u + 2*h + 0*h - 16 = 0, 5*u + 2*h = -38. Let k(m) = m**3 + 7*m**2 + 5*m + 9. Give k(u).
15
Let s(x) = -3 - 6*x + 5 + 0. Let a be (4 + 0)/(2/1). Suppose -4*z - 12 = a*d, 10*d + 2 = 5*d - 3*z. Calculate s(d).
-10
Let q be 1*((-3)/3)/1. Let b(k) = 2*k - 1. What is b(q)?
-3
Let u(v) = -4 + 455*v**2 + v**3 - 463*v**2 + 2 + 8*v. Determine u(7).
5
Let q(u) = u**2 - 6 + 3*u - 2*u + 4 - 6*u. Determine q(5).
-2
Suppose 8*y - 4*y = -4. Let l(j) = -12*j - 11 + 2*j + 2. Let i(v) = -5*v - 5. Let s(r) = 7*i(r) - 4*l(r). Give s(y).
-4
Let w = -7 + 9. Let s(d) = 0*d**w - 12*d + 6*d - d**2. Give s(-5).
5
Let c(l) = -l**3 + 5*l**2 - l - 4. Suppose 3*o = 20 - 5. Calculate c(o).
-9
Let g(m) = 9*m**3 + m**2 + m. Let u = 14 - 5. Let r = -5 + u. Suppose -5*a - r*k + 8 = -7, k - 4 = -a. Give g(a).
-9
Let y(k) = -3*k**2 - 3*k - 3. Let g(r) = 10*r**2 + 9*r + 9. Let u(a) = -a**3 + 4*a**2 - a + 1. Let x be u(2). Let d(c) = x*y(c) + 2*g(c). Give d(-3).
-3
Let k(o) = 2*o**2 + 3*o - 4. Suppose -4*m + 661 = 21. Suppose 2*c + m = -2*c. Let h be c/15 + 1/(-3). Determine k(h).
5
Suppose -11 - 9 = 4*f, -f = -3*x - 10. Let z(a) be the first derivative of -a**2/2 + a + 9. Determine z(x).
6
Let p(z) = z**3 + 3*z**2 + 4. Suppose 3*d - 54 = -9. Suppose 0 = -2*o + 5*o + 15, 5*f = 4*o - d. Let q be f/2 - (-1)/2. Calculate p(q).
4
Let m(i) = 2*i**2 - 14*i - 13. Let u(h) = 2*h**2 - 12*h - 11. Let r(b) = 5*m(b) - 6*u(b). Let w be 1*(-1 - (-2 + 2)). Determine r(w).
-3
Let m(v) be the second derivative of v**5/20 - v**4/6 - v**3/6 - 10*v. Calculate m(-1).
-2
Let j(v) be the first derivative of -8/3*v**3 + 1/2*v**2 - v + 4. What is j(1)?
-8
Let n(w) = -w**2 + 7*w + 11. Let f be n(8). Suppose -2*b + 0 = -4. Let x(z) = -f + 6*z - 4*z**2 + 0 + 3*z**b. Give x(6).
-3
Suppose -5*q - 12 = 3. Let n be 3 + 3/(6/(-4)). Let i(o) = -2 + n - 1 - o - 1. Give i(q).
0
Let f(p) = -p**2 + p + 1. Let r(l) = -l**2 + 8*l - 2. Let u be -2*2/((-8)/6). Suppose -2*o + 0*o = -t, 28 = 2*t + u*o. Let k be r(t). What is f(k)?
-5
Let y(o) be the first derivative of o**3/3 - 4*o**2 - 2*o + 5. Give y(8).
-2
Let z(h) = h**2 + h + 11. Suppose -2*n - 14 = -0. Let q = n + 7. Determine z(q).
11
Let f be 1/(1 - (-3)/(-2)). Let z(k) be the third derivative of -k**5/60 - k**3/3 + 14*k**2. Calculate z(f).
-6
Suppose -3*t - 10 = -5*t. Let n(h) = h**3 - 5*h**2 + h + 2. Give n(t).
7
Let q(j) = -j**2 + 3*j + 1 - 3*j. Let u(w) = -w**3 + 6*w**2 - 6*w + 6. Let n be u(6). Let d = -29 - n. What is q(d)?
0
Let z be 22/14 - 4/7. Let b(l) = 9*l. Give b(z).
9
Let k(x) = 0 + 2*x - 1 - 4. Suppose -5*n - f = -26, -5*n + 9*n + 2*f - 22 = 0. Determine k(n).
5
Let x(n) = -3*n. Let w(z) = -3*z. Let s(h) = -6*w(h) + 7*x(h). Suppose q + 2 = -0*q. What is s(q)?
6
Let j(w) = 2*w - 7. Let i be j(6). Let k(y) = 1 - 4*y**2 + 1 + i*y**2 + 1 - 4*y. Calculate k(3).
0
Let k(n) be the third derivative of n**9/60480 + n**8/20160 + n**5/20 + 2*n**2. Let h(r) be the third derivative of k(r). Calculate h(-1).
0
Let f(u) = -3*u + 2 + 2*u - 1 + 3. What is f(7)?
-3
Let j(l) = 1 + 2*l**2 + 4*l + 7*l**2 - 10*l**2. Determine j(5).
-4
Let n(t) = -2*t**2 - t + 2. Suppose -12 = 4*g - g. Let q be -1*2 + (-4 - g). Determine n(q).
-4
Let x(l) be the first derivative of -l**4/4 - l**3/3 + l**2 - 4*l - 20. Calculate x(-3).
8
Let j(f) = -f**3 + 5*f**2 + 4*f - 1. Let r(k) = 2*k**3 - 11*k**2 - 7*k + 1. Let n(s) = -5*j(s) - 2*r(s). Let c = -47 + 51. Give n(c).
-5
Let d(a) = -a + 0 + 5 - 3. What is d(-7)?
9
Let y(a) be the first derivative of -a**4/4 + a**2 - a + 8. Calculate y(2).
-5
Suppose 0 = 2*g - 0*g - 8. Let j(l) = 5*l - g + 2 - 2*l - 2. What is j(-3)?
-13
Suppose 0 = z + 2*s + 3, 3*s + 6 = -0*z - z. Suppose 3*f - 6 - z = 0. Let q(a) = -2*a + 9. Let x(n) = -n + 5. Let k(d) = 4*q(d) - 7*x(d). What is k(f)?
-2
Let p(u) = -u**2 + 4*u + 2. Let t be p(5). Let o(c) = 2*c**2 - 2*c - 2. Let q be o(2). Let n(v) = -2 - 2*v**q + v + 2*v - v**3 + v**2. What is n(t)?
7
Suppose 10 = -5*t - 25. Let r(j) = -j**3 - 8*j**2 - 6*j + 8. Calculate r(t).
1
Let b(y) = -y**2 + 2*y. Suppose 0 = 3*c - u - 9, 4*c - 2*u + 6*u - 12 = 0. Suppose -c*f + 8 = -1. Give b(f).
-3
Let a be (-7 - -1)*(8 + -7). Let f(p) = -6 - 2*p - 3*p + 4*p. Calculate f(a).
0
Let p = -1 + 2. Let d(n) = -1 + 98*n**2 + n - 47*n**2 - 46*n**2. What is d(p)?
5
Let p(l) = 3*l. Let i = 15 - 16. Give p(i).
-3
Let h(b) = b**2 - 6*b - 8. Let o be h(7). Let d(n) = 4*n**2 + 8*n**3 - 26*n + 55*n - 28*n - 3*n**2. Calculate d(o).
-8
Suppose 0 = 5*p - 5 - 5. Let g = 7 - 7. Let v(r) = g + 0*r + 1 - 2*r. Give v(p).
-3
Suppose 3*s = 2*s + 44. Let h(n) = -45*n + s*n + 3 - 4. Give h(-3).
2
Let i(s) = s + 6. Suppose 0 = -0*a + 5*a - 5. Let j be 0/((a - 2) + 3). Suppose j = -0*w + 2*w - 2*u + 20, 3*w = u - 20. Calculate i(w).
1
Let h(q) = q**2 - 3*q + 1. Let u be h(3). Let t(c) = -5 + 0 + u + 1 - 2*c. Calculate t(-5).
7
Let p(c) = -c**2 + 5*c + 8. Suppose 10*s + 6*s = 96. What is p(s)?
2
Let f(c) = 3*c - 13. Let v(x) = x**3 - x**2 + 9. Let k be v(0). Calculate f(k).
14
Let h(b) = -b**2 - 7*b. Let x be (-26)/6 - (-42)/(-63). Calculate h(x).
10
Suppose m - 6 = 8. Suppose 0 = -3*g + 5*j - m, 4*g - 2*j = -0*j. Let l(p) = -p + 2. Determine l(g).
0
Let w(k) be the third derivative of k**4/24 + k**3/6 - 2*k**2. Let z = 3 - 1. Let n be (-2 + 4)*z/(-1). Calculate w(n).
-3
Let k(f) = -2*f - 3*f + f - 4 + f. Give k(-3).
5
Let u be -1*(-3 - -5)/2. Let v(l) be the first derivative of 11*l**3/3 + l**2 + l - 3. Determine v(u).
10
Let z(k) = -1. Let t(o) = o - 4. Let w(s) = -t(s) + 4*z(s). Let g(a) = 12*a + 2. Let v(h) = g(h) + 10*w(h). What is v(-3)?
-4
Let o = 32 - 39. Let l(s) = -s**3 - 8*s**2 - 7*s. Calculate l(o).
0
Let v(t) = t + 11. Let z(a) = -1. Let w(d) = v(d) + 6*z(d). Suppose -2*m + 4*b + 4 = 0, -m - 3*b = 1 + 17. Give w(m).
-1
Let m(v) = -v**2 + v - 1. Let c = -1 - -2. Determine m(c).
-1
Let f(q) = q**3 - 5*q**2 + q - 2. Let g = 46 - 42. Determine f(g).
-14
Suppose 0 = -4*c - 3*v - 11, -5*v = -2*c + c + 3. Let j(p) = p - 1. Calculate j(c).
-3
Suppose -15 = -3*i - 2*i. Let v(x) = 6*x**2 - 2*x**3 + 4*x**3 - 3*x**i + 2*x**3 + 5. Let z = -29 + 23. Give v(z).
5
Let p = -1 - -9. Let n be 2/p + (-15)/12. Let r(b) = -5*b**2 + 1. Give r(n).
-4
Let u(o) be the second derivative of o**5/10 + 5*o**4/12 + o**3/2 - 3*o**2/2 + o - 12. Calculate u(-3).
-21
Suppose 0 = 2*w + 6 + 4. Let u(i) be the third derivative of -i**5/60 - i**4/6 + 2*i**3/3 - i**2. What is u(w)?
-1
Let f(t) = -7*t + 3 + 4*t + t. Determine f(4).
-5
Let f(z) = 5*z**2 - 7*z - 3. Let y(m) = -4*m**2 + 7*m + 2. Let v(d) = -5*f(d) - 6*y(d). Let h(o) be the first derivative of v(o). What is h(-5)?
3
Suppose -5*v - 12 = 13. Let c(b) = -7*b - 12. Let k(n) = -n. Let r(h) = c(h) - 6*k(h). Give r(v).
-7
Let t = -5 + 8. Let l be t*3*3/27. Let n(k) = -2*k**2 + 2*k - 1. Determine n(l).
-1
Let w = -4 + 6. Suppose -3*b + 15 - 5 = 2*a, 2*b - w = a. Let v(k) = k**3 - 3*k**2 + k - 1. Calculate v(b).
-3
Let q(j) = -3*j - 4*j + 0*j + 5*j - 6. Suppose 2*i = 3*s - 13, -9 = -s - 3*i - 1. Calculate q(s).
-16
Let q = 9 + -3. Let f(k) = -4*k**2 + 6*k - 9. Let y(w) = -5*w**2 + 6*w - 10. Let c(o) = 4*f(o) - 3*y(o). Calculate c(q).
-6
Let f(s) = -s**3 - 8*s**2 - 8*s - 2. Let i be f(-7). Suppose -i = -4*n + 11. Suppose n = 4*l - x, -2*l - x = l + 4. 